0 + 9*r + 1. Let q = -11 - -13. Determine h(q).
3
Let i(j) be the third derivative of j**2 + 1/3*j**3 + 1/24*j**4 + 0*j + 0. Suppose -3*u - 5*h = 37, 0*u - 3 = 2*u - h. Determine i(u).
-2
Let s(q) be the second derivative of -q**4/12 + 2*q**3/3 + 2*q**2 + 12*q. Calculate s(4).
4
Let w(g) be the first derivative of g**3/3 + g**2 + 2*g + 4. Give w(-2).
2
Let u(o) = 3*o + 4. Let p = 17 - 22. What is u(p)?
-11
Let g(q) = -398 - 4*q**2 + 398 + q**3. Suppose -h + 5 = 2*i - 2*h, 3*i - h = 7. Let f be i/(-2)*(-2 - 2). Calculate g(f).
0
Let p(r) = -r + 2. Let u be p(6). Let q(h) = -5*h**2 + 12*h + 6. Let w(j) = -9*j**2 + 23*j + 12. Let g(d) = -11*q(d) + 6*w(d). Give g(u).
-2
Let f = -67 - -62. Let m(w) = -w**3 - 6*w**2 - 4*w - 2. What is m(f)?
-7
Let w(t) = t**3 + 3*t**2 - t + 3. Suppose -s + 3*s + 6 = 0. Let c be w(s). Let q(k) be the first derivative of k**2/2 - 7*k + 1. Calculate q(c).
-1
Let p = -7 - 1. Let c = 5 + p. Let g(d) be the second derivative of -d**4/12 - d**3 - d. Determine g(c).
9
Let t(j) = -j - 14. Let p(w) be the first derivative of w - 5. Let i(n) = -5*p(n) - t(n). Give i(0).
9
Let q(k) = -k**2 + 10*k - 12. Let m be q(8). Let n(f) = 7*f**3 + f**2 - 3*f + f**3 + m*f + 2*f**3 + 1. Calculate n(-1).
-9
Let s(d) = d**2 - 16 + 2 + 15 + 8 + 6*d. What is s(-5)?
4
Let f be (4/(-6))/(4/(-6)). Suppose -15 = -3*m - 2*m. Let s be f - m*(-21)/(-9). Let r(v) = -v - 5. Give r(s).
1
Let t = -15 + 16. Let w = -2 + 4. Let a(n) = -5*n + w*n + 4*n. What is a(t)?
1
Let d(z) be the first derivative of z**3/3 - z**2 - 6*z + 13. Determine d(-4).
18
Let l(j) = 1 - 2*j - 5 - 1 + j. Determine l(-5).
0
Let j(c) = -c**2 - 10*c - 11. Let l be j(-8). Suppose 4*w + 2*i = -8, 2*w - w - l*i + 2 = 0. Let a(s) = -s - 2. Give a(w).
0
Let l(k) = -3*k - 4. Let u be l(0). Suppose 0 = -5*f + 8 + 2. Let g(d) = -d**2 - d - 2*d - f*d. What is g(u)?
4
Suppose k + 1 = 3. Let d(c) = -4*c + 2 + 3*c**2 + 0 + 1 - c**3. Calculate d(k).
-1
Let t(o) be the third derivative of o**6/60 + o**5/15 + o**4/8 + o**3/6 + 6*o**2. Give t(-2).
-5
Let l(k) = k + 2. Let f(v) = 3*v + 5. Let b(g) = 3*f(g) - 8*l(g). Suppose 15 = 9*h - 4*h. What is b(h)?
2
Let y(a) = a + 5. Suppose d + 3*v = -9, -3*d = -6*d - v - 3. Determine y(d).
5
Let t = 29 - 18. Let r = 8 - t. Let o(p) be the first derivative of -p**4/4 - p**3 - p**2/2 - 4*p + 2. Give o(r).
-1
Let w(s) = -5*s + 6. Let z be ((-12)/(-10))/(6/20). Calculate w(z).
-14
Let f(z) = -9*z - z**2 - 5 - 7 + 3 + 1. Calculate f(-10).
-18
Let y = 4 - 1. Let j(i) be the first derivative of i**5/60 - i**4/8 + i**3/3 - 3*i**2/2 - 3. Let r(w) be the second derivative of j(w). What is r(y)?
2
Let b = 5 - 3. Let o(u) = 3 + 3*u**2 - u - 2*u**b + 0*u**2 - u**3. Determine o(0).
3
Let w(u) = 231*u**3 - 1 - u**2 + 6*u**2 - 3*u - 232*u**3. Determine w(5).
-16
Let z(h) = -33*h + 16*h + 15*h + 0 - 4. Let i be ((-6)/(-9))/((-1)/6). Calculate z(i).
4
Let q(n) = -n**2 - 3*n + 4. Let f be 3/6*(2 + -8). Calculate q(f).
4
Let w(z) be the third derivative of z**5/60 + z**4/6 - z**3/3 - 10*z**2. What is w(-5)?
3
Let b(a) = -5*a**2 - a - 2. Let s(f) = -6*f**2 - f - 3. Let n(j) = -5*b(j) + 4*s(j). Let x(k) = k**3 - 2*k**2 - 2. Let z be x(2). Determine n(z).
0
Let y(g) = -g. Let u = -1 + 1. Suppose -m + u*m = 4. Calculate y(m).
4
Let v(o) = -o**2 - 2*o**2 + 4*o - o**3 + 4 - 3*o + 2*o. Let q(k) = 2*k**3 + 5*k**2 - 7*k - 9. Let d(n) = -2*q(n) - 5*v(n). Give d(-5).
3
Let v(d) = -d + 3. Let j = 2 - 4. Let p be 0 + -2 - 4/j. Suppose k - 2*c - 13 = p, -4*k + 27 = c - 4*c. Calculate v(k).
0
Let s(y) = -2*y - 10. Let x(c) = 3*c + 20. Let t(m) = -5*s(m) - 3*x(m). Give t(5).
-5
Let c(h) = -h**2 + 3. Let t be 6/9*(-9)/(-6). Let p be t*(1 + -2)*0. Determine c(p).
3
Suppose -3*j + 12 = -0*j. Suppose 5*g + 5*i = -15, 0 = 8*g - 3*g + j*i + 18. Let z(y) = y + 3. Give z(g).
-3
Let r be -1*(-8 - -2)/((-2)/(-2)). Let d(y) = 1 + 0*y**3 - 2*y - y**2 + 7*y**2 - y**3. Give d(r).
-11
Let y(h) = 15*h - 1 - h**2 - 15*h. What is y(3)?
-10
Let p(l) = -l**3 - 6*l**2 + 1. Let y be -12 + 11 + 0 + -5. Give p(y).
1
Let r = -18 - -16. Let g(m) = -1 + 2*m - m + 3. Give g(r).
0
Suppose 0*r + 2*h = 3*r + 20, -r = 4*h + 2. Let b = 3 + r. Let j(c) = -c**3 - c**2 + 3*c - 3. What is j(b)?
6
Let j(m) = 4*m**3 + 4*m**2 + 2*m. Let b(v) = 7*v**3 + 7*v**2 + 3*v - 1. Let o(l) = -3*b(l) + 5*j(l). Calculate o(0).
3
Let i(a) = 12*a**3 + a**2 + 2*a + 1. Let s(q) = q**2 + 6*q - 1. Let b be (-3)/(-6) + (-3)/(-6). Suppose 0 = -n + b - 7. Let d be s(n). Calculate i(d).
-12
Let k(f) = -f - 7. Let m(y) = -y**2 - 2*y + 3. Suppose -n + 13 = 4*j, 2*j - 5*n + 19 = -j. Let h be m(j). Determine k(h).
-2
Let f(d) be the first derivative of -d**4/4 - 5*d**3/3 + 4*d**2 + 7*d + 3. Calculate f(-6).
-5
Suppose 3*v = 2 + 7. Let a(t) be the second derivative of 3*t + 0 - 2/5*t**5 + 1/6*t**v - 1/12*t**4 + 0*t**2. Calculate a(1).
-8
Let k(w) = w**3 - 3*w**2 + 1. Suppose 0 = -5*n + 2*c - 6*c + 14, -2*c - 14 = -n. Suppose -n*j = -2*j + 5*h - 23, 0 = -h + 3. What is k(j)?
-3
Suppose -7 = -3*k + 5. Let i(j) = -3*j + k*j - 1 - 2*j + 4*j. Determine i(2).
5
Let z(w) = 7*w**3 + 5*w**2 - w - 6. Let r(t) = -8*t**3 - 6*t**2 + t + 7. Let p(j) = 6*r(j) + 7*z(j). Suppose -b + 6 = -7*b. Calculate p(b).
-1
Let h(d) = -d - 5 - 1 + 4. Let b = 1 + -1. Suppose -s - 20 = 3*s + 4*p, b = 5*p. Calculate h(s).
3
Suppose 5*m + 16 = -3*u, -4 = 5*m - u + 4. Let p(v) = -2*v - 1. Determine p(m).
3
Let a(i) = 1. Let x(m) = -m - 9. Let y(c) = 36*a(c) + 4*x(c). Suppose 3*z = 7*z + 2*l - 18, -5 = -l. Give y(z).
-8
Let p(k) = 3*k**3 + 5*k**2 - 8*k - 1. Let h(q) = -5*q**3 - 11*q**2 + 17*q + 2. Let u(r) = -6*h(r) - 13*p(r). Calculate u(-1).
9
Let x(d) = -9 + d**2 + 4 + 6*d + 0. Give x(-4).
-13
Let q(w) = -12*w + 8. Let h(l) = 8*l - 5. Let i(m) = -8*h(m) - 5*q(m). What is i(2)?
-8
Let w(o) be the third derivative of 5/24*o**4 + 0 - 1/6*o**3 - 2*o**2 - 1/60*o**5 + 0*o. Let n(i) be the first derivative of w(i). Calculate n(4).
-3
Let t(f) = 8*f + 0 + 5 + f - 4. Let q = 2 + -3. Give t(q).
-8
Let p(t) = 2*t - 2. Let n be (0 - 1)/((-1)/7). Suppose 3 = 2*s + n. Determine p(s).
-6
Suppose 0 - 5 = c. Let n(b) be the second derivative of -b**3/6 - b**2/2 - 196*b. Calculate n(c).
4
Suppose j - 14 = -3*a, -a + 2*j = -3*j + 6. Let h(v) = v. Let q(n) = 1. Let c(g) = 3*h(g) - 4*q(g). Calculate c(a).
8
Let h(c) = c**2 - 6*c + 3. Let i be (-5)/(-2) - (-2)/(-4). Calculate h(i).
-5
Let f(l) = 3*l - 4. Let c(m) = 12*m - 16. Let j(t) = 2*c(t) - 9*f(t). Determine j(6).
-14
Let r(y) = -y + 17. Let d be 2/5 + 3*(-8)/60. Calculate r(d).
17
Let r(w) be the first derivative of w**4/4 - 2*w**3/3 + 3*w**2/2 - 2*w + 1. Suppose -d = -8 - 8. Suppose -3*a + 5*n + d = 0, 0*a + 4*n = 4*a - 16. What is r(a)?
4
Let i(x) = -x**2 + 7*x + 3. Let k(g) be the second derivative of g**4/6 - 13*g**3/6 - 3*g**2 - g. Let o(n) = -11*i(n) - 6*k(n). Calculate o(0).
3
Let o(p) = -p**2 + 6*p + 1. Suppose -9 = -5*l + j, 2*j - 7*j + 3 = -l. Suppose -x - l*x - 33 = 0. Let k = x + 16. Calculate o(k).
6
Let l(i) = i**3 - 8*i**2 + 2. Let a(g) = -g**3 + 20*g**2 + 22*g - 13. Let u be a(21). What is l(u)?
2
Suppose -4*g = -0*g - 12. Let h(r) = r**2 + r - 4. What is h(g)?
8
Let t be 8/(-2) - (3 - 9). Let g(f) be the second derivative of 2*f - 3/2*f**t + 0 + 1/6*f**3. Give g(2).
-1
Suppose 0 = 3*d + 61 - 19. Let l be 3/2*d/(-3). Suppose -5*r = -2 + l. Let q(y) = -y**2 - 2*y - 1. Give q(r).
0
Let q(x) = 4 + 2*x**2 + 6*x - 3*x**2 + 6. Let t = -66 - -73. Calculate q(t).
3
Let s(q) be the first derivative of -q**4/4 - 2*q**3/3 + 4*q**2 + 3*q - 5. Let t(m) = -m**2 - m - 1. Let j(o) = s(o) + 2*t(o). Determine j(-5).
-4
Let c(p) = p**2 + 4*p + 3. Suppose -3*i = -5*k + 9, 3*k = 4*i - 0*k + 1. Suppose i*g + 1 = t, -2 = g - t - 4. Determine c(g).
0
Let v(m) = -3*m. Let l(n) = -3 - n + 0 - 2 + 3. Let p be l(0). Determine v(p).
6
Suppose 3*o - 8 = -2. Let t(w) = -w**o + 12 + 3*w**2 - 9 - 5*w. Let j = 8 - 5. Determine t(j).
6
Let f(n) = -n**3 - 4*n**2 - n - 5. Suppose -2*z - b = 3*b + 24, -24 = 5*z + b. Calculate f(z).
-1
Suppose 19 = 5*i - 26. Suppose -5*z + 17 = 5*d + 2, 2*z - 2 = 0. Let f(r) = -2 + 3 - d + 5*r - i*r. What is f(-3)?
11
Let m(n) be the third derivative of 5*n**4/24 - 2*n**2. Determine m(2).
10
Let z(s) = 47*s - 87*s + 44*s. Let q be 0/(4 - 1) + 